at is -31 - -14400304?
14400223
In base 3, what is 111211100102 - 2?
111211100100
In base 5, what is 130 + 22431?
23111
In base 9, what is 2 - 844832?
-844830
In base 6, what is 454420 - -3?
454423
In base 4, what is -110132311 + -1?
-110132312
In base 11, what is -4 - 6430a?
-64313
In base 9, what is -137014 - -3?
-137011
In base 12, what is -205 + 140b?
1206
In base 12, what is 7b + 46?
105
In base 7, what is -2 + -2125546?
-2125551
In base 16, what is -6d1d - 6?
-6d23
In base 11, what is 3412a - -8?
34137
In base 12, what is -3 + 6121?
611a
In base 15, what is 27d8 - -3a?
2823
In base 6, what is 1213223 - 201?
1213022
In base 15, what is 1877d3 + -3?
1877d0
In base 14, what is -2 - 31d0?
-31d2
In base 9, what is -2 + -638235?
-638237
In base 8, what is -115347 - 76?
-115445
In base 4, what is -1302002 + -11313?
-1313321
In base 10, what is -52583 - 25?
-52608
In base 14, what is 105 - 52?
93
In base 6, what is 20023 + 114?
20141
In base 5, what is 1 + -341430211?
-341430210
In base 9, what is -1325702 - -4?
-1325687
In base 5, what is -112440 - 1432?
-114422
In base 9, what is 23553 + 5?
23558
In base 6, what is -1030 - 135?
-1205
In base 7, what is 36246020 + -3?
36246014
In base 3, what is -1020 + -120202020?
-120210110
In base 4, what is -210313 + -11?
-210330
In base 13, what is -9878 - -5?
-9873
In base 16, what is 20b88 + 3?
20b8b
In base 12, what is 6 - 23260?
-23256
In base 2, what is 11 + -100000111111110?
-100000111111011
In base 16, what is 249fab - 2?
249fa9
In base 2, what is -101010 - -10111100?
10010010
In base 8, what is 74 - 25042?
-24746
In base 12, what is 506 - -309?
813
In base 9, what is -1144 + -34?
-1178
In base 6, what is -3014212 - 10?
-3014222
In base 7, what is 305 - 2502?
-2164
In base 11, what is -461a3 + -5?
-461a8
In base 9, what is -24852 - -3?
-24848
In base 5, what is 102 - -21001322?
21001424
In base 16, what is cb046 + 2?
cb048
In base 10, what is -36 - 11014?
-11050
In base 5, what is -101323404 - 3?
-101323412
In base 8, what is 6 - -702?
710
In base 7, what is -44443 - 12?
-44455
In base 10, what is 5 + 87548?
87553
In base 14, what is 962ba + 2?
962bc
In base 12, what is 3 + -2864?
-2861
In base 10, what is -98458 - 4?
-98462
In base 11, what is -5 - -20091?
20087
In base 7, what is -1 + 1405012?
1405011
In base 12, what is 1084a8 - -5?
1084b1
In base 16, what is ce3e4 + -2?
ce3e2
In base 12, what is -b2 - -1111?
101b
In base 10, what is 3 - 41595?
-41592
In base 12, what is -1a4 - -42?
-162
In base 10, what is 0 - 1120?
-1120
In base 8, what is 101341 - -11?
101352
In base 10, what is -1770 - 32?
-1802
In base 9, what is -10 - 24218?
-24228
In base 5, what is 3 - -4021443?
4022001
In base 5, what is 3332 + -431?
2401
In base 13, what is 68a22 - -5?
68a27
In base 12, what is -338 - -110?
-228
In base 16, what is -3 + -4375b?
-4375e
In base 2, what is -1110001 - 11100001?
-101010010
In base 3, what is -12 - 20010011102?
-20010011121
In base 16, what is 1ba9 + -12?
1b97
In base 6, what is -3432532 + 1?
-3432531
In base 10, what is 4 - -32572?
32576
In base 13, what is -373c82 - 3?
-373c85
In base 2, what is -100 - 110001010101011?
-110001010101111
In base 13, what is -2 + -40b?
-410
In base 2, what is 1110001100000 + 0?
1110001100000
In base 15, what is 464 + 214?
678
In base 5, what is 11114 - 1141?
4423
In base 12, what is 454805 + 2?
454807
In base 2, what is -10000 + 100000010010?
100000000010
In base 15, what is -87 - -a37?
9a0
In base 4, what is -1200022 + -11?
-1200033
In base 5, what is 1332012 - 10?
1332002
In base 5, what is -12344 + 414?
-11430
In base 5, what is -2141 + 214?
-1422
In base 3, what is 2201201010 + 0?
2201201010
In base 3, what is 21022002 + 12?
21022021
In base 9, what is -88270 + 4?
-88265
In base 14, what is 1505c6 - 5?
1505c1
In base 15, what is 0 - 7c68?
-7c68
In base 9, what is -15 - 2545?
-2561
In base 13, what is 27b6 + 17?
2800
In base 13, what is -10c5284 + -4?
-10c5288
In base 9, what is -841312 + 4?
-841307
In base 14, what is 2273 - 103?
2170
In base 8, what is -1077 + -66?
-1165
In base 4, what is -2221 + 312?
-1303
In base 2, what is 1 + -1100011001111011?
-1100011001111010
In base 11, what is -1a131 - 4?
-1a135
In base 8, what is -226 + 4527?
4301
In base 4, what is 20003 + -10?
13333
In base 6, what is 243 - 1221?
-534
In base 13, what is -30 + -31a7?
-3207
In base 6, what is 31134521 - -2?
31134523
In base 15, what is -a61b1 + 5?
-a61ab
In base 13, what is -528 + -108?
-633
In base 9, what is -50 - -4418?
4358
In base 3, what is 10 + 212001122?
212001202
In base 10, what is -158108 - 14?
-158122
In base 5, what is 0 - -120020424?
120020424
In base 15, what is b + -47c9?
-47bd
In base 10, what is 4 + -109269?
-109265
In base 5, what is 143 - 4042?
-3344
In base 3, what is -112102 + 1222?
-110110
In base 8, what is 1 - 132353?
-132352
In base 3, what is -11001220 - -1012?
-11000201
In base 2, what is -10101000111001011 - -11?
-10101000111001000
In base 5, what is -200 + -21121?
-21321
In base 11, what is 9 + 1452?
1460
In base 5, what is 232 + -100221?
-44434
In base 2, what is 100 - 101000010101?
-101000010001
In base 2, what is -10110110100100 - -1010?
-10110110011010
In base 2, what is 0 - -1101010010011001100?
1101010010011001100
In base 16, what is -1c - -b0c?
af0
In base 9, what is -7742 - -210?
-7532
In base 14, what is d8 - 81?
57
In base 2, what is 1000000000111111111 + 111?
1000000001000000110
In base 12, what is 20a8 + -14?
2094
In base 10, what is -12 - 12655?
-12667
In base 16, what is -ed + -d28?
-e15
In base 9, what is -50 - 42686?
-42746
In base 6, what is -202510 - -100?
-202410
In base 3, what is 102011120220 - -1?
102011120221
In base 7, what is -111005 + 6?
-110666
In base 16, what is 840 - 4eb?
355
In base 6, what is 2044 + -35111?
-33023
In base 8, what is 3645 - -432?
4277
In base 14, what is -1863 + 65?
-17dc
In base 9, what is -1 - -182571?
182570
In base 8, what is -1 + -10152?
-10153
In base 15, what is 4 - -d7d1?
d7d5
In base 6, what is 30513 + -31?
30442
In base 9, what is -310302 - 11?
-310313
In base 10, what is -2051045 + -4?
-2051049
In base 2, what is 1 - 1000101000001011000?
-1000101000001010111
In base 14, what is -77b + -9b?
-838
In base 16, what is 1 - -9a25?
9a26
In base 5, what is -211 - -344?
133
In base 8, what is 672 - 6746?
-6054
In base 11, what is -3413471 - -3?
-3413469
In base 5, what is -10 - 3113132?
-3113142
In base 4, what is -10330313 + -231?
-10331210
In base 12, what is -41 - 34?
-75
In base 2, what is -111011001000000 + -10011?
-111011001010011
In base 2, what is -1100111100111010 + -1101?
-1100111101000111
In base 15, what is 43 - 8c5?
-882
In base 5, what is 30211 - 4142?
21014
In base 13, what is a019 - 54?
9c95
In base 11, what is 5555 - -1?
5556
In base 2, what is 1011101000010011000 - 1?
1011101000010010111
In base 4, what is -1 + -2032003?
-2032010
In base 11, what is -2 - -26a99?
26a97
In base 11, what is -2 - -5a833?
5a831
In base 9, what is 1520405 - 0?
1520405
In base 2, what is 11 - -101110110011111?
101110110100010
In base 15, what is -e6658 - 2?
-e665a
In base 3, what is 2022010101 + 2?
2022010110
In base 15, what is -b6 - 726?
-7dc
In base 5, what is 3032341 - 32?
3032304
In base 3, what is -2 + 22100020112?
22100020110
In base 11, what is 2a9 + -5a2?
-2a4
In base 11, what is 1167 + 38?
11a4
In base 5, what is 32242 - -12413?
100210
In base 6, what is -1142442 + 0?
-1142442
In base 5, what is 2022013330 - -4?
2022013334
In base 6, what is 5 + 1013254?
1013303
In base 10, what is -2672 + -1265?
-3937
In base 7, what is 3 - -200032?
200035
In base 2, what is 1100 + 11010000011?
11010001111
In base 6, what is 3454234 + -45?
3454145
In base 7, what is 4142 + -13044?
-5602
In base 12, what is -49817 + -3?
-4981a
In base 3, what is -11011201112111 + 1?
-11011201112110
In base 15, what is -1a2 - -28?
-179
In base 2, what is 10010000 - 1010100100001?
-1010010010001
In base 12, what is -334ba4 - -6?
-334b9a
In base 7, what is -41 + 63124?
63053
In base 14, what is -1d0 - -4?
-1ca
In base 8, what is 4 + -12047?
-12043
In base 13, what is -a48 - -737?
-311
In base 5, what is -2444404 - -21?
-2444333
In base 13, what is 65 + -388?
-323
In base 14, what is 31a042 + -4?
31a03c
In base 16, what is 4 -